{"id":312,"date":"2018-12-22T21:40:33","date_gmt":"2018-12-22T21:40:33","guid":{"rendered":"http:\/\/bjoernbernt.de\/?page_id=312"},"modified":"2021-12-07T21:56:02","modified_gmt":"2021-12-07T21:56:02","slug":"privacy-policy","status":"publish","type":"page","link":"http:\/\/bjoernbernt.de\/?page_id=312","title":{"rendered":"Datenschutzerkl\u00e4rung"},"content":{"rendered":"<p>_DE<\/p>\n<p><strong>Datenschutzerkl\u00e4rung<\/strong><\/p>\n<p><strong>Grundlegendes<\/strong><\/p>\n<p>Diese Datenschutzerkl\u00e4rung soll die Nutzer dieser Website \u00fcber die Art, den Umfang und den Zweck der Erhebung und Verwendung personenbezogener Daten durch den Websitebetreiber [Ihre Kontaktdaten einf\u00fcgen] informieren.<\/p>\n<p>Der Websitebetreiber nimmt Ihren Datenschutz sehr ernst und behandelt Ihre personenbezogenen Daten vertraulich und entsprechend der gesetzlichen Vorschriften. Da durch neue Technologien und die st\u00e4ndige Weiterentwicklung dieser Webseite \u00c4nderungen an dieser Datenschutzerkl\u00e4rung vorgenommen werden k\u00f6nnen, empfehlen wir Ihnen sich die Datenschutzerkl\u00e4rung in regelm\u00e4\u00dfigen Abst\u00e4nden wieder durchzulesen.<\/p>\n<p>Definitionen der verwendeten Begriffe (z.B. \u201cpersonenbezogene Daten\u201d oder \u201cVerarbeitung\u201d) finden Sie in Art. 4 DSGVO.<\/p>\n<p><strong>Zugriffsdaten<\/strong><\/p>\n<p>Wir, der Websitebetreiber bzw. Seitenprovider, erheben aufgrund unseres berechtigten Interesses (s. Art. 6 Abs. 1 lit. f. DSGVO) Daten \u00fcber Zugriffe auf die Website und speichern diese als \u201eServer-Logfiles\u201c auf dem Server der Website ab. Folgende Daten werden so protokolliert:<\/p>\n<p>Besuchte Website<br \/>\nUhrzeit zum Zeitpunkt des Zugriffes<br \/>\nMenge der gesendeten Daten in Byte<br \/>\nQuelle\/Verweis, von welchem Sie auf die Seite gelangten<br \/>\nVerwendeter Browser<br \/>\nVerwendetes Betriebssystem<br \/>\nVerwendete IP-Adresse<\/p>\n<p>Die Server-Logfiles werden f\u00fcr maximal 7 Tage gespeichert und anschlie\u00dfend gel\u00f6scht. Die Speicherung der Daten erfolgt aus Sicherheitsgr\u00fcnden, um z. B. Missbrauchsf\u00e4lle aufkl\u00e4ren zu k\u00f6nnen. M\u00fcssen Daten aus Beweisgr\u00fcnden aufgehoben werden, sind sie solange von der L\u00f6schung ausgenommen bis der Vorfall endg\u00fcltig gekl\u00e4rt ist.<\/p>\n<p><strong>Reichweitenmessung &amp; Cookies<\/strong><\/p>\n<p>Diese Website verwendet Cookies zur pseudonymisierten Reichweitenmessung, die entweder von unserem Server oder dem Server Dritter an den Browser des Nutzers \u00fcbertragen werden. Bei Cookies handelt es sich um kleine Dateien, welche auf Ihrem Endger\u00e4t gespeichert werden. Ihr Browser greift auf diese Dateien zu. Durch den Einsatz von Cookies erh\u00f6ht sich die Benutzerfreundlichkeit und Sicherheit dieser Website.<br \/>\nFalls Sie nicht m\u00f6chten, dass Cookies zur Reichweitenmessung auf Ihrem Endger\u00e4t gespeichert werden, k\u00f6nnen Sie dem Einsatz dieser Dateien hier widersprechen:<\/p>\n<p>Cookie-Deaktivierungsseite der Netzwerkwerbeinitiative: HYPERLINK &#8222;http:\/\/optout.networkadvertising.org\/?c=1&#8220; \\l &#8222;!\/&#8220;http:\/\/optout.networkadvertising.org\/?c=1#!\/<br \/>\nCookie-Deaktivierungsseite der US-amerikanischen Website: HYPERLINK &#8222;http:\/\/optout.aboutads.info\/?c=2&#8220; \\l &#8222;!\/&#8220;http:\/\/optout.aboutads.info\/?c=2#!\/<br \/>\nCookie-Deaktivierungsseite der europ\u00e4ischen Website: HYPERLINK &#8222;http:\/\/optout.networkadvertising.org\/?c=1&#8220; \\l &#8222;!\/&#8220;http:\/\/optout.networkadvertising.org\/?c=1#!\/<\/p>\n<p>G\u00e4ngige Browser bieten die Einstellungsoption, Cookies nicht zuzulassen. Hinweis: Es ist nicht gew\u00e4hrleistet, dass Sie auf alle Funktionen dieser Website ohne Einschr\u00e4nkungen zugreifen k\u00f6nnen, wenn Sie entsprechende Einstellungen vornehmen.<\/p>\n<p><strong>Erfassung und Verarbeitung personenbezogener Daten<\/strong><\/p>\n<p>Der Websitebetreiber erhebt, nutzt und gibt Ihre personenbezogenen Daten nur dann weiter, wenn dies im gesetzlichen Rahmen erlaubt ist oder Sie in die Datenerhebung einwilligen.<br \/>\nAls personenbezogene Daten gelten s\u00e4mtliche Informationen, welche dazu dienen, Ihre Person zu bestimmen und welche zu Ihnen zur\u00fcckverfolgt werden k\u00f6nnen \u2013 also beispielsweise Ihr Name, Ihre E-Mail-Adresse und Telefonnummer.<\/p>\n<p>Diese Website k\u00f6nnen Sie auch besuchen, ohne Angaben zu Ihrer Person zu machen. Zur Verbesserung unseres Online-Angebotes speichern wir jedoch (ohne Personenbezug) Ihre Zugriffsdaten auf diese Website. Zu diesen Zugriffsdaten geh\u00f6ren z. B. die von Ihnen angeforderte Datei oder der Name Ihres Internet-Providers. Durch die Anonymisierung der Daten sind R\u00fcckschl\u00fcsse auf Ihre Person nicht m\u00f6glich.<\/p>\n<p><strong>Umgang mit Kontaktdaten<\/strong><\/p>\n<p>Nehmen Sie mit uns als Websitebetreiber durch die angebotenen Kontaktm\u00f6glichkeiten Verbindung auf, werden Ihre Angaben gespeichert, damit auf diese zur Bearbeitung und Beantwortung Ihrer Anfrage zur\u00fcckgegriffen werden kann. Ohne Ihre Einwilligung werden diese Daten nicht an Dritte weitergegeben.<\/p>\n<p>_EN<\/p>\n<p><strong>Privacy Policy<\/strong><\/p>\n<p><strong>Understanding<\/strong><\/p>\n<p>This Privacy Policy is intended to inform the users of this website about the nature, scope and purpose of the collection and use of personal data by the website operator [insert your contact information].<\/p>\n<p>The website operator takes your privacy very seriously and will treat your personal information confidentially and in accordance with the law. As changes to this Privacy Policy may be made through new technologies and the continued evolution of this Site, we encourage you to review the Privacy Policy periodically.<\/p>\n<p>Definitions of the terms used (eg &#8222;personal data&#8220; or &#8222;processing&#8220;) can be found in Art. 4 GDPR.<\/p>\n<p><strong>Access data<\/strong><\/p>\n<p>We, the website operator or website provider, collect data on website access on the basis of our legitimate interest (see Art. 6 (1) lit. DSGVO) and save these as &#8222;server log files&#8220; on the server of the website. The following data is logged:<\/p>\n<p>Visited website<br \/>\nTime at the time of access<br \/>\nAmount of data sent in bytes<br \/>\nSource \/ reference from which you came to the page<br \/>\nUsed browser<br \/>\nOperating system used<br \/>\nUsed IP address<\/p>\n<p>The server log files are stored for a maximum of 7 days and then deleted. The storage of the data is done for security reasons, for. B. to clarify cases of abuse. If data must be revoked for reasons of proof, they are excluded from the deletion until the incident has been definitively clarified.<\/p>\n<p><strong>Range measurement &amp; cookies<\/strong><\/p>\n<p>This website uses cookies for the pseudonymized range measurement, which are transmitted either from our server or the third party server to the user&#8217;s browser. Cookies are small files that are stored on your device. Your browser accesses these files. The use of cookies increases the user-friendliness and security of this website.<br \/>\nIf you do not want to save range-measuring cookies on your device, you may object to the use of these files here:<\/p>\n<p>Network Advertising Initiative Cookie Disable Site: HYPERLINK &#8222;http:\/\/optout.networkadvertising.org\/?c=1&#8220; \\ l &#8222;! \/&#8220; Http:\/\/optout.networkadvertising.org\/?c=1#!\/<br \/>\nCookie deactivation page of the US website: HYPERLINK &#8222;http:\/\/optout.aboutads.info\/?c=2&#8220; \\ l &#8222;! \/&#8220; Http:\/\/optout.aboutads.info\/?c=2#!\/<br \/>\nCookie deactivation page of the European website: HYPERLINK &#8222;http:\/\/optout.networkadvertising.org\/?c=1&#8220; \\ l &#8222;! \/&#8220; Http:\/\/optout.networkadvertising.org\/?c=1#!\/<\/p>\n<p>Popular browsers offer the preference option of not allowing cookies. Note: There is no guarantee that you will be able to access all the functions of this website without restrictions if you make the appropriate settings.<\/p>\n<p><strong>Collection and processing of personal data<\/strong><\/p>\n<p>The website operator collects, uses and transfers your personal data only if this is permitted by law or if you consent to the collection of data.<br \/>\nPersonal information means all information that is used to identify your person and which can be traced back to you &#8211; such as your name, e-mail address and telephone number.<\/p>\n<p>You can also visit this website without giving any personal information. To improve our online offer, however, we (without personal reference) store your access data on this website. These access data include z. For example, the file you requested or the name of your Internet service provider. Due to the anonymization of the data, conclusions about your person are not possible.<\/p>\n<p><strong>Handling contact information<\/strong><\/p>\n<p>If you contact us as a website operator through the offered contact options, your details will be stored so that they can be used to process and answer your request. Without your consent, this data will not be disclosed to third parties.<\/p>\n","protected":false},"excerpt":{"rendered":"<p>_DE Datenschutzerkl\u00e4rung Grundlegendes Diese Datenschutzerkl\u00e4rung soll die Nutzer dieser Website \u00fcber die Art, den Umfang und den Zweck der Erhebung und Verwendung personenbezogener Daten durch den Websitebetreiber [Ihre Kontaktdaten einf\u00fcgen] informieren. Der Websitebetreiber nimmt Ihren Datenschutz sehr ernst und behandelt<\/p>\n","protected":false},"author":1,"featured_media":0,"parent":0,"menu_order":4,"comment_status":"closed","ping_status":"closed","template":"","meta":[],"_links":{"self":[{"href":"http:\/\/bjoernbernt.de\/index.php?rest_route=\/wp\/v2\/pages\/312"}],"collection":[{"href":"http:\/\/bjoernbernt.de\/index.php?rest_route=\/wp\/v2\/pages"}],"about":[{"href":"http:\/\/bjoernbernt.de\/index.php?rest_route=\/wp\/v2\/types\/page"}],"author":[{"embeddable":true,"href":"http:\/\/bjoernbernt.de\/index.php?rest_route=\/wp\/v2\/users\/1"}],"replies":[{"embeddable":true,"href":"http:\/\/bjoernbernt.de\/index.php?rest_route=%2Fwp%2Fv2%2Fcomments&post=312"}],"version-history":[{"count":2,"href":"http:\/\/bjoernbernt.de\/index.php?rest_route=\/wp\/v2\/pages\/312\/revisions"}],"predecessor-version":[{"id":316,"href":"http:\/\/bjoernbernt.de\/index.php?rest_route=\/wp\/v2\/pages\/312\/revisions\/316"}],"wp:attachment":[{"href":"http:\/\/bjoernbernt.de\/index.php?rest_route=%2Fwp%2Fv2%2Fmedia&parent=312"}],"curies":[{"name":"wp","href":"https:\/\/api.w.org\/{rel}","templated":true}]}}